i be v(-4). Is (-14 + 127)/(i + (-4)/(-3)) prime?
False
Suppose 0 = 2*s + d - 3, -2*d - 7 - 5 = -2*s. Suppose 3*j + 193 = 3*b + j, 0 = -s*j + 3. Is b composite?
True
Let u be 1 + (-6 - -2) - (-4 + -2). Is (-1 + -36)/(u/(-15)) a prime number?
False
Let j(d) = -d**3 + 5*d**2 - 8*d + 12. Let c be j(4). Is 3/c + 3790/8 prime?
False
Let o(u) = -3 - 6*u**2 - 4*u + 4*u. Let q be o(2). Let g = 112 + q. Is g composite?
True
Suppose 9*v - 8903 + 55136 = 0. Let q = 3568 - v. Is q a composite number?
True
Let f be 5 - 0*(-2)/((-6)/3). Suppose 0 = f*z - 3*z - 3962. Is z composite?
True
Let q(d) be the second derivative of 47*d**3/6 - 5*d**2/2 - 6*d. Let j(u) = u. Let s(f) = -5*j(f) + q(f). Is s(2) a prime number?
True
Let a(i) be the first derivative of 7*i**2 + 11*i + 3. Suppose -4 = -2*o + 4*w, -3*w + 6*w = 2*o - 6. Is a(o) composite?
True
Suppose 3*u - 50824 = -2*y, -u + 50824 = 2*y + 4*u. Suppose -3*k = 5*d + k - y, 5*k - 15 = 0. Is (d/(-24))/(2/(-6)) composite?
True
Let k(w) = -6 - 200*w - 2 - 1 + 2. Is k(-6) prime?
True
Suppose 29*n - 35*n + 11766 = 0. Is n a composite number?
True
Let f(z) = z**2 + 6*z - 49. Let j be f(18). Let r = j - 21. Is r prime?
False
Suppose 21 = 90*o - 87*o. Suppose 11*h - 1172 = o*h. Is h a composite number?
False
Suppose 3*i - 4*h = -83, 4*i + 2*h + 116 = 6*h. Suppose -11*j + 237 = 721. Is (-34812)/j - (-6)/i prime?
False
Suppose 3*r + r - 3*c - 29795 = 0, 14917 = 2*r + 5*c. Is r a prime number?
True
Let m(y) = -y**3 - 11*y**2 + 11*y - 7. Let b be m(-12). Suppose -b*n + 9240 = 3335. Is n a prime number?
True
Let v be ((-186)/(-2))/((-2)/(-32)). Let o = -815 + v. Is o composite?
False
Let h be -2*1*6/(-4). Suppose 4*c - 1109 = 15. Suppose -4*y - 1009 = -h*d, 2*y + c = 2*d - 391. Is d composite?
True
Suppose 0*i = 5*d + 2*i + 7510, -i = -5*d - 7495. Let m = d - -2269. Is m prime?
True
Let b = 29 - 26. Suppose -i + b*i = 286. Is i prime?
False
Let y(w) = -1072*w - 67. Is y(-5) a prime number?
False
Suppose -5*g = w - 32625, -3*w + 17915 = 5*g - 14710. Suppose 4*j = 3*x - g, j - 1 = 2. Is x a composite number?
False
Suppose -3*s + 2*o = 2*s - 87, 2*s + 4*o - 30 = 0. Let m = 17 - s. Suppose m = -5*j - 422 + 1212. Is j prime?
False
Let i(w) = 21*w + 1. Suppose 20 = 4*s - 4*j, 2*s + 6 = -j + 1. Suppose s*m - 5*m = -20. Is i(m) a composite number?
True
Suppose 59*k + 1263457 = 3892674. Is k composite?
False
Suppose 10*j - 924 = 2266. Is j composite?
True
Let y = -151 - -282. Let m = y + 38. Is m a composite number?
True
Let i(t) = t**2 + 5*t - 8. Let j be i(-7). Suppose -3*p = -2*p - j. Suppose 5*o = p*k - 2*k - 174, -3*k = -3*o - 132. Is k a composite number?
True
Suppose 0 = -21*h + 17*h + 20. Let k(j) = 14*j - 3. Let s(p) = 14*p - 3. Let v(g) = 3*k(g) - 2*s(g). Is v(h) composite?
False
Suppose 5*n - 10 = -5*b, 0 = -2*b - 2*b - 2*n + 18. Suppose -x + 44 = -b. Is x prime?
False
Let j(x) = -117*x - 13. Let z be j(8). Let v = 1800 + z. Is v composite?
True
Suppose -6*f + 63874 = 4*b, 3*b - 79831 = -2*b + 4*f. Is b a composite number?
True
Let u(r) = 40*r**2 - 18 - 18*r**2 - 25 + 19*r. Is u(14) prime?
False
Is (8 - (-57)/(-6))/(3/(-2932)) prime?
False
Suppose 2958 = -0*r + 3*r. Suppose 3*d + 332 - r = 0. Suppose 0*a + d = 2*a. Is a a composite number?
False
Let i(p) = 35*p**3 - 5*p**2 + 6*p + 9. Suppose 0 = -3*f - 4*f - 28. Let v be i(f). Is v*(9/(-15))/3 a prime number?
True
Let g(a) = 73395*a - 76. Is g(1) prime?
False
Let r(v) = -3*v - 19. Let f be r(-7). Suppose -l + 735 = -2*a, f*l - 6*l - 2*a = -2990. Is l a prime number?
False
Let u(w) = 59*w**2 + 33*w + 125. Is u(37) prime?
False
Suppose -2 = 15*w - 14*w. Is ((-7562)/(-12) - -1) + w/12 prime?
True
Is (-64335)/(-60) - 4/(48/(-9)) a composite number?
True
Let n(l) = 223*l + 8. Let f be n(9). Suppose -3*d + 1168 = -f. Suppose 2*w - d = w + 2*v, -v - 5341 = -5*w. Is w composite?
False
Let a(i) = 2*i**2 + 6*i - 3. Suppose -3 = f, 4*v - 5*v + 5*f = -50. Suppose -4*x + 9*x = -v. Is a(x) composite?
False
Is 5 + (-39)/(-65) + (-123681)/(-15) a prime number?
False
Let v = -363 - 111. Let m be v + -2*(-2)/(-2). Is (m/(-8) - 0)*2 a prime number?
False
Let b = 23 - 16. Suppose -2367 = -b*u - 218. Is u prime?
True
Let w(c) = -21*c + 2. Let l(u) = 2*u**3 + u**2 - 5*u - 5. Let z be l(-2). Is w(z) a composite number?
False
Suppose -4*t = -20, -5*j + 5*t + 64878 + 87922 = 0. Is j composite?
True
Let b(w) = -4889*w - 25. Is b(-4) a composite number?
False
Let b(f) = 3506*f - 85. Is b(7) a prime number?
False
Let s(q) = 4*q**3 + 5*q**2 - 2*q + 52. Is s(15) prime?
False
Suppose -5*k + 10483 = 3*v - 5429, -2*v - 4*k = -10606. Is v prime?
True
Let m = -42 + 60. Is (0 + m/6)*443/3 a prime number?
True
Suppose 32*y + 8*y = 843240. Is y a prime number?
False
Suppose 17 = 5*p + 2*t, 3*t = 2 + 1. Suppose 5*q - 597 = 3*r, -4*q - p*r + 298 = -185. Let b = 181 + q. Is b prime?
False
Let r(v) = -v**3 + 5*v**2 - v + 7. Let d be r(5). Suppose f = -d*f. Suppose 0*u + 5*u - 935 = f. Is u prime?
False
Let v = -12192 - -17592. Suppose -t + v = 4*t. Suppose 5*z - t = -5*i, -i = -5*z - 4*i + 1070. Is z a composite number?
False
Let s(i) = i**3 - 18*i**2 - 16*i - 4. Is s(19) a composite number?
False
Let w(y) = -60*y + 17. Let z = 25 + -30. Is w(z) a prime number?
True
Let j = 10376 - 4795. Is j prime?
True
Suppose -4*j - 8 = 0, -4*j + 3*j = -u + 7. Is ((-39)/9 + u)/(2/8781) prime?
True
Suppose 5*k = -3*x + 2*x - 16, 5*x = -5*k. Suppose 4*u - 1501 = -0*c - 3*c, -5*c + 1491 = x*u. Is u prime?
True
Suppose 5797 = 3*q - 4*c, 5*q + 16*c - 9657 = 18*c. Is q prime?
True
Is 7 + (85932/(-7))/(-6) a composite number?
False
Suppose -4*y = 6*z - z - 23, 2*y = -3*z + 13. Suppose 5*d - 5491 = -u, -d = -4*d - y*u + 3289. Is d composite?
True
Suppose h - 4*h + 10077 = 0. Is h prime?
True
Suppose 4*v - 14 - 18 = 0. Suppose v*x - 1308 + 404 = 0. Is x composite?
False
Suppose 4*j - 57952 = -6572. Suppose p = -6*p + j. Is p prime?
False
Suppose 0 = 5*v + 987 - 77. Let m = v + 547. Is m a prime number?
False
Let v = -20969 + 29688. Is v composite?
False
Suppose -6*a - 90 = -a. Let n = -13 - a. Suppose -3*g - n*x = -985, -351 = g - 2*g + 4*x. Is g a prime number?
False
Let i be (-4750)/(-5 + 0) + 0. Suppose -18*a = -i - 2740. Is a a prime number?
False
Suppose 643 = -5*q - 2052. Let i = 1080 + q. Is i a prime number?
True
Suppose 0 = -10*n + 11*n + 270. Let y = n + 140. Let h = -84 - y. Is h a composite number?
True
Let t(d) be the third derivative of 0 - 11/60*d**6 + 1/60*d**5 + 1/12*d**4 + 11*d**2 + 0*d + 1/3*d**3. Is t(-1) composite?
False
Let m(k) = -205*k + 7. Let a be m(-10). Suppose 0 = 3*g - 8*d + 3*d - a, -2*g + 4*d = -1374. Is g a composite number?
True
Let g(x) = 11 + 12*x**2 + 14*x + 3*x**3 - 2*x**3 + 2*x**2 + 5. Let i be g(-13). Suppose 38 - 185 = -i*b. Is b prime?
False
Suppose -k - 2*j - 5 = 0, -4*k - 3*j = j + 16. Let w be 2 - (120 + 0)/k. Suppose -2*n + 32 = -w. Is n prime?
True
Let m be 1 + (-3)/3 + -1941 + 2. Is (-2 + 4/1)*m/(-2) a prime number?
False
Suppose -3*y = -2*b - 2*y - 67, -b - 5*y - 28 = 0. Let p = b - -13. Let w = p + 53. Is w a prime number?
False
Is 415646/8 + ((-369)/(-36) - 11) a composite number?
True
Let h(f) = -36*f + 1. Let r = 18 + -13. Suppose 0 = r*b - o + 2*o + 9, -13 = b + 3*o. Is h(b) a prime number?
True
Let j be 12/6*(1 + 0). Suppose 3*g = -4*p + 14721, -p + 3679 = 4*g - j*g. Is p/99 + 2/(-11) a prime number?
True
Suppose -3*w - k = -5*k + 22, -2*k = -2*w - 12. Let r be 1/w + (-763)/2. Let t = -236 - r. Is t a prime number?
False
Suppose 3*a + 19 = -4*t, -4*a + 8*a + 16 = -3*t. Is (0 - 132 - a)/(-1) a composite number?
False
Let i = 8551 + -4718. Is i a composite number?
False
Let k(j) = j**3 - 6*j**2 + 2*j - 4. Let x be k(6). Suppose -13*u + 2545 = -x*u. Is u composite?
False
Let a(l) = -109*l - 10. Let j be a(11). Let k = j - -1708. Is k prime?
True
Let y = -84 - -154. Is (-20)/y + (-345)/(-7) composite?
True
Suppose 3*i - 4*x = -1613, -2*x - 559 = i + 2*x. Let v = -289 - i. Is v composite?
True
Let m(u) = 9*u**2 + 56*u + 26. Is m(11) a prime number?
False
Let k = -1043 + 2318. Suppose o + k = w, 4*w = 8*w - o - 5094. Is w a composite number?
True
Suppose 0*d + d - 1926 = 0. Suppose -3*r + 10 + 12 = u, 30 = 5*u - r. Suppose -q - d = -u*q. Is q a prime number?
False
Suppose 5*r + 242